, -2*n = b*w - 5 + 13. Is j(n) a composite number?
True
Is 12/24 - (-585)/2 a prime number?
True
Suppose 2024 = 15*o - 3541. Is o a composite number?
True
Suppose 0 = 7*g - 9564 - 33. Is g prime?
False
Let x(c) be the second derivative of -c**4/12 - 8*c**3/3 + 5*c**2/2 - 3*c. Is x(-8) prime?
False
Suppose -z + 812 = 4*c - 0*z, 0 = -2*z. Is c a prime number?
False
Is (-1 + -1)*(-339)/6 a composite number?
False
Let y(b) = 15*b - 17. Is y(12) a prime number?
True
Suppose 5 = -c + 2*c, 661 = 4*z - 3*c. Is z a prime number?
False
Is (-3141)/(-15) - (-8)/(-20) a composite number?
True
Let f(j) be the second derivative of j**4/12 + 5*j**3/6 - j**2/2 - 3*j. Let w be f(-6). Suppose -w*g = -143 + 33. Is g a prime number?
False
Let p(z) = -5*z**3 + 9*z**2 + 10*z + 13. Is p(-6) prime?
False
Let s(u) = -u**3 - 4*u**2 + 2*u + 6. Suppose -3*r - 8 = 13. Is s(r) composite?
False
Let f(k) = -3*k**2 + k**2 + 3*k**2 + 3 - 4 - k. Is f(4) a composite number?
False
Suppose -3*t - t + 2*g = -222, 0 = -4*t + 4*g + 212. Let j = 171 - t. Is j a prime number?
True
Let d(r) = -r**2 - 15*r - 2. Let b be d(-17). Is (-7296)/b + 2/6 a prime number?
False
Is (4328/16)/(1/2) a composite number?
False
Let s = -17 - 55. Let n = -19 - s. Is n a prime number?
True
Suppose 9 = 3*s + 3*j, 4*s + 9 = s + 3*j. Let w = 3 + s. Suppose -4*t + 27 = w*x, -5*t - 6*x = -3*x - 30. Is t prime?
True
Let d = 407 + 6. Is d composite?
True
Let g = 9 - 15. Let z be (g/10)/(1/(-5)). Suppose -2*k + k = -z. Is k composite?
False
Let f(a) = 20*a + 2. Let n be f(-6). Let r = n - -58. Let q = -41 - r. Is q composite?
False
Let u(s) = s**3 - 3*s**2 + 5*s - 7. Is u(6) a composite number?
False
Suppose 0 = -h - 2*h + 36. Suppose 0*s + 4*s = h. Is (s/2)/(2/12) a composite number?
True
Let u be ((-50)/(-15))/((-2)/(-3)). Suppose 966 = 4*a - a. Suppose u*r = a + 313. Is r a composite number?
False
Let s(y) = 16*y**2 + y + 8. Let u be s(-4). Suppose 0 = -x + u - 3. Is x composite?
False
Suppose -w - w + 11 = -3*x, -1 = -2*x + 3*w. Let g = 8 + x. Is g/(((-12)/291)/(-4)) a prime number?
True
Let h(l) = l**2 - 6*l + 4. Let k be h(5). Let z(a) be the first derivative of -9*a**4 - a**2 - a - 2. Is z(k) a composite number?
False
Let y(j) = j**2 + 5*j - 11. Let h be (0 - 0) + 1 + -1. Suppose 3 + 9 = -3*k, h = -2*d + k - 12. Is y(d) a prime number?
True
Suppose v - 2*v = 0. Suppose v = -0*n + 5*n - 2055. Is n a composite number?
True
Let o be 2/4*0 + 1. Let l be o/((21/(-30))/(-7)). Suppose -2*k + 8 = -l. Is k a composite number?
True
Suppose -4 = 2*t + x + 3*x, x = -t. Suppose 4*b + 3*i = 313, 3*b - 310 = -t*i - 75. Is b prime?
True
Suppose 7*y = 3*y + 236. Is y composite?
False
Suppose 98 = j + 19. Is j prime?
True
Let c = -2 + 7. Suppose -c*d + 3*x + 59 = 0, 3*d + 37 = 6*d - x. Suppose -d = -4*s + 11. Is s prime?
False
Let d(v) = 3*v**3 + 3*v**2 - 5*v - 7. Let k(q) = -7*q**3 - 6*q**2 + 11*q + 15. Let x(w) = 9*d(w) + 4*k(w). Let i be x(4). Let b = 38 + i. Is b prime?
False
Suppose 3 = -b - 0*b. Is 331/b*(5 - 8) composite?
False
Let x be -3*((-362)/3 - -2). Suppose b + x = 5*b. Is b prime?
True
Let f = 908 - -119. Is f composite?
True
Let r(n) = -n**2 - n + 4. Let h be r(0). Suppose -h*q + 75 = q. Is q a prime number?
False
Let f(h) = 5*h**2 - 34*h - 6. Is f(-23) prime?
False
Suppose 0 = 3*h - 323 + 110. Let p be -2 - (0 + h*-3). Is p*-1*(-1)/1 a prime number?
True
Suppose 5*i + m - 745 = 0, -4*i + 2*m + 569 + 27 = 0. Is i composite?
False
Let y(g) = -2*g. Let l be y(8). Let j = -25 - l. Is 3/(-2)*84/j a composite number?
True
Let h(y) = y**2 + 5*y + 6. Let v be h(-4). Let u(f) = -4*f**3 - 4*f**3 + 5*f**3 - 3 - v*f. Is u(-2) prime?
False
Suppose 7*v - 5*v = 970. Is v prime?
False
Suppose 0 = -6*l + 7*l - 211. Is l a composite number?
False
Let p(h) = h**2 + 2*h - 1. Let g be p(1). Is 1/(g/80*4) prime?
False
Let f = -1 - -4. Suppose -f*h - h = -108. Let d = h - 17. Is d prime?
False
Let l = 14 + -10. Suppose l*v - 635 = 3*s, -2*v + 477 = v - 2*s. Is v a prime number?
False
Suppose 0 = 4*o + 16, -5*p = 4*o - 568 - 431. Is p a composite number?
True
Let w(l) = 3*l**2 - l + 1. Let o be w(1). Suppose -5*i + 5*z + 11 = 1, -i + o*z - 8 = 0. Suppose 5*f - i*k = -2*k + 480, f + k - 98 = 0. Is f prime?
True
Let x(u) = u**2 - 5*u - 3. Let k be x(6). Suppose 0 = k*c - 3 - 6. Suppose c*z - 35 = 4. Is z prime?
True
Suppose 2*b - 85 = 421. Is b a prime number?
False
Let x be (4 - 0) + 6 + -3. Is 1437/x + 2/(-7) composite?
True
Let w(z) = -42*z + 5. Suppose 0 = -m - 3*m - 24. Is w(m) a prime number?
True
Let o(s) = -4*s**2 + s + 4. Let u(v) = 5*v**2 - 5. Let j(n) = -4*o(n) - 3*u(n). Let y be j(5). Suppose 4*b + 10 = 3*p - 31, 79 = 5*p - y*b. Is p a prime number?
True
Let c(s) = 1 + s**2 + 2 + 3*s - 6*s**2 + s. Let m(y) = -6*y**2 + 5*y + 4. Let d(l) = -5*c(l) + 4*m(l). Is d(-6) a prime number?
True
Let k = -1843 + 2634. Is k composite?
True
Is 3/(18/1706)*3 prime?
True
Suppose -g = 4*g - 25. Suppose u = -4*u. Suppose 5 = -g*d + 5*i - u, 3*d + 11 = 5*i. Is d prime?
True
Let d(g) = -110*g - 2. Let b be d(-3). Let t(z) = 118*z + 2. Let s be t(-2). Let o = b + s. Is o a prime number?
False
Let b(l) = 2*l**2 + 29*l + 18. Is b(-21) composite?
True
Suppose -5*i = 528 - 1298. Suppose g = 3*g - i. Is g composite?
True
Suppose 4*c - 9 = -2*m + 37, 53 = 3*m - 2*c. Is m composite?
False
Let j = 18 + -29. Let k(c) = -c**3 - 11*c**2 - 3*c. Is k(j) a prime number?
False
Let p = 1037 - 492. Is p a prime number?
False
Suppose -2*b + 4 = -2. Let l be b/4*(-57 - -1). Is (-1)/(2 + 86/l) a prime number?
False
Let z be ((-8)/6)/(2/(-6)). Suppose -3*r + z*i - 116 = -501, -3*i + 124 = r. Is r a composite number?
False
Suppose 5*s + 20 = -0*s. Let o be s/(-8) + (-1)/2. Is 2 - (o + (-21)/3) composite?
True
Let g be (2/2)/((-1)/(-1113)). Suppose -2*q + 2*j = q - g, -j = 2*q - 749. Is q a composite number?
False
Let p(d) = -6*d + 18. Let f(x) = -x + 1. Let u(n) = -5*f(n) + p(n). Is u(0) a prime number?
True
Suppose 70 = 3*h + 2*h. Is h composite?
True
Let a(u) = -3*u + 3. Let r be a(-7). Suppose 2*q = 5*c - 291, -c + 37 = q - r. Is c composite?
False
Suppose -3*w + 2*c - 56 + 2779 = 0, 3 = -3*c. Is w a prime number?
True
Suppose -3*z + 4*v + 247 = 0, -2*z + v + 193 = 4*v. Is z a composite number?
False
Let n = -169 - -319. Let w = n + -97. Is w a composite number?
False
Suppose -4*g + 15 = -w, 12 = -w + g + 2*g. Let q be w - ((-3)/1 + -84). Suppose -k = 2*k + 2*a - 49, -4*k + 2*a = -q. Is k prime?
True
Let w = -356 - -2509. Is w composite?
False
Let c(a) = -a**2 - 3*a + 2661. Is c(0) a prime number?
False
Let s = 7 + -2. Suppose -q + s*q = 12. Is q composite?
False
Let x(i) = i + 194. Let w be x(0). Suppose a + w = 3*a. Is a composite?
False
Let y(h) = -h + 15. Let v = 12 + -3. Let i be y(v). Suppose i*j = 5*j + 7. Is j composite?
False
Let b(o) = o**3 - o**2 - 3*o - 1. Is b(6) composite?
True
Let y = 1594 + -1107. Is y prime?
True
Suppose -3*p - 2*g + 13935 = 0, -5*g - 13947 = -3*p - 3*g. Is p a prime number?
False
Let r(p) = -221*p + 2. Is r(-1) a prime number?
True
Let y be -54 + -4 + (0 - -1). Let u = y + 304. Is u a prime number?
False
Is ((-142)/(-3))/((-1)/(-3)) composite?
True
Suppose -4*m + 1476 = 4*a, 0*m = -m - 2. Is a prime?
False
Let v(o) = o + 1. Let t be v(4). Suppose 0 = -3*r - 5 + 11, 4*k - t*r - 66 = 0. Is k a prime number?
True
Let y(h) = 7*h**2 + 2*h - 2. Let z = 5 + -7. Let s = z + 5. Is y(s) a composite number?
False
Let j(y) = 76*y**2 - 3*y - 20. Is j(-9) a composite number?
False
Let q(f) = 4*f**2 - 16*f - 13. Is q(15) a composite number?
False
Let k(g) = -4*g + 2. Let h be k(-5). Let w be (-2)/10 + h/10. Is 3/w*680/12 a composite number?
True
Suppose -4*t = -91 - 61. Is t prime?
False
Is 5942/6 + (16/(-12) - -2) a composite number?
False
Let d = -355 - -10410. Is d prime?
False
Is 3 - (555486/(-51) + 4/(-34)) a prime number?
False
Let c be 5*((-34)/10 + 4). Suppose -3*z - 2*y = y - 1254, -2*z + c*y + 841 = 0. Is z a composite number?
False
Suppose -2*w - 2*j = -4*j - 1060, -w = -2*j - 529. Suppose 0*f + w = 3*f. Suppose 4*i - f = 11. Is i composite?
False
Suppose x - 422 = -x. Is x prime?
True
Let m = 4 - 5. Let p = m - -6. Suppose -4*t - 179 = -3*n, -3*n + 240 = 2*n + p*t. Is n composite?
False
Suppose -2*s - 3 = -3*v, 2*s + 7 - 2 =